{"id":435,"date":"2018-11-02T14:27:42","date_gmt":"2018-11-02T13:27:42","guid":{"rendered":"http:\/\/www.thegreenwayproject.nl\/?page_id=435"},"modified":"2020-02-04T11:04:14","modified_gmt":"2020-02-04T10:04:14","slug":"terugkeer-naar-armenie","status":"publish","type":"page","link":"https:\/\/www.thegreenwayproject.nl\/","title":{"rendered":"The Green Way"},"content":{"rendered":"<p>[et_pb_section fb_built=&#8221;1&#8243; fullwidth=&#8221;on&#8221; module_id=&#8221;slider-solid-road&#8221; _builder_version=&#8221;3.17.6&#8243;][et_pb_fullwidth_slider show_arrows=&#8221;off&#8221; _builder_version=&#8221;3.17.6&#8243; custom_button=&#8221;on&#8221; button_font=&#8221;||||||||&#8221; text_orientation=&#8221;left&#8221; auto=&#8221;on&#8221; hover_transition_duration=&#8221;200ms&#8221; hover_transition_delay=&#8221;50ms&#8221; button_text_size__hover_enabled=&#8221;off&#8221; button_one_text_size__hover_enabled=&#8221;off&#8221; button_two_text_size__hover_enabled=&#8221;off&#8221; button_text_color__hover_enabled=&#8221;off&#8221; button_one_text_color__hover_enabled=&#8221;off&#8221; button_two_text_color__hover_enabled=&#8221;off&#8221; button_border_width__hover_enabled=&#8221;off&#8221; button_one_border_width__hover_enabled=&#8221;off&#8221; button_two_border_width__hover_enabled=&#8221;off&#8221; button_border_color__hover_enabled=&#8221;off&#8221; button_one_border_color__hover_enabled=&#8221;off&#8221; button_two_border_color__hover_enabled=&#8221;off&#8221; button_border_radius__hover_enabled=&#8221;off&#8221; button_one_border_radius__hover_enabled=&#8221;off&#8221; button_two_border_radius__hover_enabled=&#8221;off&#8221; button_letter_spacing__hover_enabled=&#8221;off&#8221; button_one_letter_spacing__hover_enabled=&#8221;off&#8221; button_two_letter_spacing__hover_enabled=&#8221;off&#8221; button_bg_color__hover_enabled=&#8221;off&#8221; button_one_bg_color__hover_enabled=&#8221;off&#8221; button_two_bg_color__hover_enabled=&#8221;off&#8221;][et_pb_slide use_text_overlay=&#8221;on&#8221; text_overlay_color=&#8221;rgba(147,55,158,0.86)&#8221; dot_nav_custom_color=&#8221;#000000&#8243; text_border_radius=&#8221;0px&#8221; _builder_version=&#8221;3.17.6&#8243; header_font=&#8221;||||||||&#8221; header_font_size=&#8221;21px&#8221; body_font=&#8221;||||||||&#8221; background_image=&#8221;http:\/\/www.thegreenwayproject.nl\/wp-content\/uploads\/2018\/11\/MTArarat.jpg&#8221; custom_padding=&#8221;|50%||0px&#8221; custom_padding_tablet=&#8221;|30%||0px&#8221; custom_padding_phone=&#8221;|25%||0px&#8221; custom_padding_last_edited=&#8221;on|desktop&#8221; button_text_size__hover_enabled=&#8221;off&#8221; button_one_text_size__hover_enabled=&#8221;off&#8221; button_two_text_size__hover_enabled=&#8221;off&#8221; button_text_color__hover_enabled=&#8221;off&#8221; button_one_text_color__hover_enabled=&#8221;off&#8221; button_two_text_color__hover_enabled=&#8221;off&#8221; button_border_width__hover_enabled=&#8221;off&#8221; button_one_border_width__hover_enabled=&#8221;off&#8221; button_two_border_width__hover_enabled=&#8221;off&#8221; button_border_color__hover_enabled=&#8221;off&#8221; button_one_border_color__hover_enabled=&#8221;off&#8221; button_two_border_color__hover_enabled=&#8221;off&#8221; button_border_radius__hover_enabled=&#8221;off&#8221; button_one_border_radius__hover_enabled=&#8221;off&#8221; button_two_border_radius__hover_enabled=&#8221;off&#8221; button_letter_spacing__hover_enabled=&#8221;off&#8221; button_one_letter_spacing__hover_enabled=&#8221;off&#8221; button_two_letter_spacing__hover_enabled=&#8221;off&#8221; button_bg_color__hover_enabled=&#8221;off&#8221; button_one_bg_color__hover_enabled=&#8221;off&#8221; button_two_bg_color__hover_enabled=&#8221;off&#8221;]<\/p>\n<p>The Green Way biedt extra ondersteuning aan Armeense gezinnen uit Nederland die vrijwillig terug willen keren naar Armeni\u00eb<\/p>\n<p>[\/et_pb_slide][et_pb_slide use_text_overlay=&#8221;on&#8221; text_overlay_color=&#8221;rgba(147,55,158,0.86)&#8221; dot_nav_custom_color=&#8221;#000000&#8243; text_border_radius=&#8221;0px&#8221; _builder_version=&#8221;3.17.6&#8243; header_font=&#8221;||||||||&#8221; header_font_size=&#8221;21px&#8221; body_font=&#8221;||||||||&#8221; background_image=&#8221;http:\/\/www.thegreenwayproject.nl\/wp-content\/uploads\/2018\/11\/granaat-appel.jpg&#8221; custom_padding=&#8221;|50%||0px&#8221; custom_padding_tablet=&#8221;|30%||0px&#8221; custom_padding_phone=&#8221;|25%||0px&#8221; custom_padding_last_edited=&#8221;on|desktop&#8221; button_text_size__hover_enabled=&#8221;off&#8221; button_one_text_size__hover_enabled=&#8221;off&#8221; button_two_text_size__hover_enabled=&#8221;off&#8221; button_text_color__hover_enabled=&#8221;off&#8221; button_one_text_color__hover_enabled=&#8221;off&#8221; button_two_text_color__hover_enabled=&#8221;off&#8221; button_border_width__hover_enabled=&#8221;off&#8221; button_one_border_width__hover_enabled=&#8221;off&#8221; button_two_border_width__hover_enabled=&#8221;off&#8221; button_border_color__hover_enabled=&#8221;off&#8221; button_one_border_color__hover_enabled=&#8221;off&#8221; button_two_border_color__hover_enabled=&#8221;off&#8221; button_border_radius__hover_enabled=&#8221;off&#8221; button_one_border_radius__hover_enabled=&#8221;off&#8221; button_two_border_radius__hover_enabled=&#8221;off&#8221; button_letter_spacing__hover_enabled=&#8221;off&#8221; button_one_letter_spacing__hover_enabled=&#8221;off&#8221; button_two_letter_spacing__hover_enabled=&#8221;off&#8221; button_bg_color__hover_enabled=&#8221;off&#8221; button_one_bg_color__hover_enabled=&#8221;off&#8221; button_two_bg_color__hover_enabled=&#8221;off&#8221;]<\/p>\n<p><span>The Green Way biedt nieuwe kansen voor terugkeer met hoop<\/span><\/p>\n<p>[\/et_pb_slide][et_pb_slide use_text_overlay=&#8221;on&#8221; text_overlay_color=&#8221;rgba(147,55,158,0.86)&#8221; dot_nav_custom_color=&#8221;#000000&#8243; text_border_radius=&#8221;0px&#8221; _builder_version=&#8221;3.17.6&#8243; header_font=&#8221;||||||||&#8221; header_font_size=&#8221;21px&#8221; body_font=&#8221;||||||||&#8221; background_image=&#8221;http:\/\/www.thegreenwayproject.nl\/wp-content\/uploads\/2018\/11\/Bakkerij-in-Armenie.jpg&#8221; custom_padding=&#8221;|50%||0px&#8221; custom_padding_tablet=&#8221;|30%||0px&#8221; custom_padding_phone=&#8221;|25%||0px&#8221; custom_padding_last_edited=&#8221;on|desktop&#8221; button_text_size__hover_enabled=&#8221;off&#8221; button_one_text_size__hover_enabled=&#8221;off&#8221; button_two_text_size__hover_enabled=&#8221;off&#8221; button_text_color__hover_enabled=&#8221;off&#8221; button_one_text_color__hover_enabled=&#8221;off&#8221; button_two_text_color__hover_enabled=&#8221;off&#8221; button_border_width__hover_enabled=&#8221;off&#8221; button_one_border_width__hover_enabled=&#8221;off&#8221; button_two_border_width__hover_enabled=&#8221;off&#8221; button_border_color__hover_enabled=&#8221;off&#8221; button_one_border_color__hover_enabled=&#8221;off&#8221; button_two_border_color__hover_enabled=&#8221;off&#8221; button_border_radius__hover_enabled=&#8221;off&#8221; button_one_border_radius__hover_enabled=&#8221;off&#8221; button_two_border_radius__hover_enabled=&#8221;off&#8221; button_letter_spacing__hover_enabled=&#8221;off&#8221; button_one_letter_spacing__hover_enabled=&#8221;off&#8221; button_two_letter_spacing__hover_enabled=&#8221;off&#8221; button_bg_color__hover_enabled=&#8221;off&#8221; button_one_bg_color__hover_enabled=&#8221;off&#8221; button_two_bg_color__hover_enabled=&#8221;off&#8221;]<\/p>\n<p><span>Een jaar lang een betaalde beroepsopleiding, hulp bij zoeken naar werk of het opzetten van een eigen bedrijf.<\/span><\/p>\n<p>[\/et_pb_slide][et_pb_slide use_text_overlay=&#8221;on&#8221; text_overlay_color=&#8221;rgba(147,55,158,0.86)&#8221; dot_nav_custom_color=&#8221;#000000&#8243; text_border_radius=&#8221;0px&#8221; _builder_version=&#8221;3.17.6&#8243; header_font=&#8221;||||||||&#8221; header_font_size=&#8221;21px&#8221; body_font=&#8221;||||||||&#8221; background_image=&#8221;http:\/\/www.thegreenwayproject.nl\/wp-content\/uploads\/2018\/10\/yerevan.jpg&#8221; custom_padding=&#8221;|50%||0px&#8221; custom_padding_tablet=&#8221;|30%||0px&#8221; custom_padding_phone=&#8221;|25%||0px&#8221; custom_padding_last_edited=&#8221;on|desktop&#8221; button_text_size__hover_enabled=&#8221;off&#8221; button_one_text_size__hover_enabled=&#8221;off&#8221; button_two_text_size__hover_enabled=&#8221;off&#8221; button_text_color__hover_enabled=&#8221;off&#8221; button_one_text_color__hover_enabled=&#8221;off&#8221; button_two_text_color__hover_enabled=&#8221;off&#8221; button_border_width__hover_enabled=&#8221;off&#8221; button_one_border_width__hover_enabled=&#8221;off&#8221; button_two_border_width__hover_enabled=&#8221;off&#8221; button_border_color__hover_enabled=&#8221;off&#8221; button_one_border_color__hover_enabled=&#8221;off&#8221; button_two_border_color__hover_enabled=&#8221;off&#8221; button_border_radius__hover_enabled=&#8221;off&#8221; button_one_border_radius__hover_enabled=&#8221;off&#8221; button_two_border_radius__hover_enabled=&#8221;off&#8221; button_letter_spacing__hover_enabled=&#8221;off&#8221; button_one_letter_spacing__hover_enabled=&#8221;off&#8221; button_two_letter_spacing__hover_enabled=&#8221;off&#8221; button_bg_color__hover_enabled=&#8221;off&#8221; button_one_bg_color__hover_enabled=&#8221;off&#8221; button_two_bg_color__hover_enabled=&#8221;off&#8221;]<\/p>\n<p><span>Yerevan, een moderne stad<\/span><\/p>\n<p>[\/et_pb_slide][\/et_pb_fullwidth_slider][\/et_pb_section][et_pb_section fb_built=&#8221;1&#8243; admin_label=&#8221;section&#8221; _builder_version=&#8221;3.15&#8243; use_background_color_gradient=&#8221;on&#8221; background_color_gradient_start=&#8221;rgba(151,221,28,0)&#8221; background_color_gradient_end=&#8221;#97DD1C&#8221; background_image=&#8221;http:\/\/www.thegreenwayproject.nl\/wp-content\/uploads\/2018\/10\/Bergen.png&#8221; background_size=&#8221;contain&#8221; background_position=&#8221;bottom_center&#8221; custom_margin=&#8221;||-85px|&#8221; custom_padding=&#8221;0|0|319px|0px|false|false&#8221; bottom_divider_color=&#8221;#ffffff&#8221; bottom_divider_height=&#8221;142px&#8221;][et_pb_row custom_padding=&#8221;5px|0px|26.5938px|0px|false|false&#8221; admin_label=&#8221;row&#8221; _builder_version=&#8221;3.0.47&#8243; background_size=&#8221;initial&#8221; background_position=&#8221;top_left&#8221; background_repeat=&#8221;repeat&#8221;][et_pb_column type=&#8221;4_4&#8243; _builder_version=&#8221;3.0.47&#8243; parallax=&#8221;off&#8221; parallax_method=&#8221;on&#8221;][et_pb_text admin_label=&#8221;Text&#8221; _builder_version=&#8221;3.15&#8243; background_size=&#8221;initial&#8221; background_position=&#8221;top_left&#8221; background_repeat=&#8221;repeat&#8221;][\/et_pb_text][\/et_pb_column][\/et_pb_row][et_pb_row custom_padding=&#8221;27px|0px|0|0px|false|false&#8221; _builder_version=&#8221;3.0.89&#8243;][et_pb_column type=&#8221;4_4&#8243; _builder_version=&#8221;3.0.47&#8243; parallax=&#8221;off&#8221; parallax_method=&#8221;on&#8221;][et_pb_text _builder_version=&#8221;3.15&#8243; text_font=&#8221;Raleway|300|||||||&#8221; text_font_size=&#8221;20px&#8221; text_line_height=&#8221;1.8em&#8221;]<\/p>\n<p style=\"text-align: center;\"><span>Verblijft u op een gezinslocatie of AZC in Nederland en wilt u vrijwillig terugkeren naar Armeni\u00eb, dan kan The Green Way u helpen.\u00a0<\/span>The Green Way helpt Armeense gezinnen die vrijwillig terugkeren naar Armeni\u00eb met:<\/p>\n<p style=\"text-align: center;\"><span style=\"font-size: 20px; text-align: left;\">\u00a0<\/span><\/p>\n<p>[\/et_pb_text][\/et_pb_column][\/et_pb_row][et_pb_row use_custom_width=&#8221;on&#8221; custom_width_px=&#8221;690px&#8221; custom_padding=&#8221;0|0px|0|0px|false|false&#8221; _builder_version=&#8221;3.15&#8243;][et_pb_column type=&#8221;4_4&#8243; _builder_version=&#8221;3.0.47&#8243; parallax=&#8221;off&#8221; parallax_method=&#8221;on&#8221;][et_pb_text ul_type=&#8221;square&#8221; _builder_version=&#8221;3.15&#8243; text_font=&#8221;Raleway|300|||||||&#8221; text_font_size=&#8221;16px&#8221; text_line_height=&#8221;1.8em&#8221; ul_font=&#8221;||||||||&#8221; ul_text_color=&#8221;#595959&#8243; ul_font_size=&#8221;22px&#8221; ul_line_height=&#8221;1.5em&#8221;]<\/p>\n<ul>\n<li>Huisvesting in Armeni\u00eb voor maximaal 12 maanden, inclusief gas, water en elektriciteit.<\/li>\n<li>Een beroepsopleiding in Armeni\u00eb voor de ouders en\/of begeleiding bij het vinden van werk of het opzetten van een bedrijf voor maximaal 12 maanden per persoon.<\/li>\n<li>Armeense bijles voor de kinderen voor maximaal 6 maanden.<\/li>\n<li>Ondersteuning bij de re-integratie voor 12 maanden en indien nodig psycho-sociale begeleiding.<\/li>\n<\/ul>\n<p>[\/et_pb_text][\/et_pb_column][\/et_pb_row][et_pb_row custom_padding=&#8221;3px|0px|0|0px|false|false&#8221; _builder_version=&#8221;3.0.89&#8243;][et_pb_column type=&#8221;4_4&#8243; _builder_version=&#8221;3.0.47&#8243; parallax=&#8221;off&#8221; parallax_method=&#8221;on&#8221;][et_pb_text _builder_version=&#8221;3.15&#8243; text_font=&#8221;Raleway|300|||||||&#8221; text_font_size=&#8221;20px&#8221; text_line_height=&#8221;1.8em&#8221;]<\/p>\n<p style=\"text-align: center;\">\n<p style=\"text-align: center;\"><span style=\"font-size: 20px; text-align: left;\">\u00a0<\/span><\/p>\n<p>[\/et_pb_text][\/et_pb_column][\/et_pb_row][\/et_pb_section][et_pb_section fb_built=&#8221;1&#8243; _builder_version=&#8221;3.15&#8243; locked=&#8221;off&#8221;][et_pb_row custom_padding=&#8221;27px|0px|0|0px|false|false&#8221; _builder_version=&#8221;3.0.89&#8243;][et_pb_column type=&#8221;4_4&#8243; _builder_version=&#8221;3.0.47&#8243; parallax=&#8221;off&#8221; parallax_method=&#8221;on&#8221;][et_pb_text _builder_version=&#8221;3.17.6&#8243; header_3_font=&#8221;Raleway|900|||||||&#8221; header_3_text_align=&#8221;center&#8221; header_3_font_size=&#8221;53px&#8221; header_3_font_size_phone=&#8221;29px&#8221; header_3_font_size_last_edited=&#8221;on|phone&#8221;]<\/p>\n<h3 style=\"text-align: center;\">The Green Way Film<\/h3>\n<p>[\/et_pb_text][et_pb_video src=&#8221;https:\/\/youtu.be\/W5zC9NirZpQ&#8221; _builder_version=&#8221;3.17.6&#8243; max_width=&#8221;65%&#8221; max_width_tablet=&#8221;95%&#8221; max_width_phone=&#8221;100%&#8221; max_width_last_edited=&#8221;on|tablet&#8221; module_alignment=&#8221;center&#8221;][\/et_pb_video][\/et_pb_column][\/et_pb_row][et_pb_row make_fullwidth=&#8221;on&#8221; padding_right_2=&#8221;0px&#8221; padding_left_1=&#8221;1px&#8221; padding_left_2=&#8221;0px&#8221; module_class=&#8221;btn-inline&#8221; _builder_version=&#8221;3.15&#8243;][et_pb_column type=&#8221;4_4&#8243; _builder_version=&#8221;3.0.47&#8243; padding_left=&#8221;1px&#8221; parallax=&#8221;off&#8221; parallax_method=&#8221;on&#8221;][\/et_pb_column][\/et_pb_row][\/et_pb_section][et_pb_section fb_built=&#8221;1&#8243; _builder_version=&#8221;3.15&#8243; custom_padding=&#8221;0|0px|54px|0px|false|false&#8221; locked=&#8221;off&#8221;][et_pb_row custom_padding=&#8221;0|0px|0|0px|false|false&#8221; _builder_version=&#8221;3.0.89&#8243;][et_pb_column type=&#8221;4_4&#8243; _builder_version=&#8221;3.0.47&#8243; parallax=&#8221;off&#8221; parallax_method=&#8221;on&#8221;][et_pb_text _builder_version=&#8221;3.15&#8243; header_font=&#8221;||||||||&#8221; header_2_font=&#8221;||||||||&#8221; header_2_font_size_phone=&#8221;28px&#8221; header_2_font_size_last_edited=&#8221;on|phone&#8221; header_3_font=&#8221;Raleway|900|||||||&#8221; header_3_text_align=&#8221;center&#8221; header_3_font_size=&#8221;53px&#8221; header_3_font_size_phone=&#8221;24px&#8221; header_3_font_size_last_edited=&#8221;on|phone&#8221; custom_margin=&#8221;-39px|||&#8221;]<\/p>\n<h3 style=\"text-align: center;\">Onze pakketten<\/h3>\n<p>[\/et_pb_text][\/et_pb_column][\/et_pb_row][et_pb_row use_custom_width=&#8221;on&#8221; custom_width_px=&#8221;594px&#8221; custom_padding=&#8221;12px|0px|27px|0px|false|false&#8221; _builder_version=&#8221;3.15&#8243;][et_pb_column type=&#8221;4_4&#8243; _builder_version=&#8221;3.0.47&#8243; parallax=&#8221;off&#8221; parallax_method=&#8221;on&#8221;][et_pb_text _builder_version=&#8221;3.15&#8243; text_font=&#8221;Raleway|300|||||||&#8221; text_font_size=&#8221;18px&#8221; header_font=&#8221;||||||||&#8221; header_3_font=&#8221;Raleway|900|||||||&#8221; header_3_text_align=&#8221;center&#8221; header_3_font_size=&#8221;51px&#8221;]<\/p>\n<p style=\"text-align: center;\">De ondersteuning die Solid Road aan Armeense gezinnen bij terugkeer kan bieden bestaat uit een basispakket \u00e9n uit een aanvullend pakket The Green Way.<\/p>\n<p>[\/et_pb_text][\/et_pb_column][\/et_pb_row][\/et_pb_section][et_pb_section fb_built=&#8221;1&#8243; _builder_version=&#8221;3.15&#8243; custom_padding=&#8221;0|0|0|0px|false|false&#8221; locked=&#8221;off&#8221;][et_pb_row use_custom_width=&#8221;on&#8221; custom_width_px=&#8221;500px&#8221; custom_padding=&#8221;5px|0px|27px|0px|false|false&#8221; _builder_version=&#8221;3.15&#8243;][et_pb_column type=&#8221;4_4&#8243; _builder_version=&#8221;3.0.47&#8243; parallax=&#8221;off&#8221; parallax_method=&#8221;on&#8221;][et_pb_text _builder_version=&#8221;3.15&#8243; header_font=&#8221;||||||||&#8221; header_2_font=&#8221;Reenie Beanie||||||||&#8221; header_2_font_size=&#8221;33px&#8221; header_3_font=&#8221;Raleway|900|||||||&#8221; header_3_text_align=&#8221;center&#8221; header_3_font_size=&#8221;53px&#8221; header_3_font_size_tablet=&#8221;36px&#8221; header_3_font_size_phone=&#8221;34px&#8221; header_3_font_size_last_edited=&#8221;on|phone&#8221;]<\/p>\n<h3 style=\"text-align: center;\">Basispakket<\/h3>\n<p>[\/et_pb_text][et_pb_tabs _builder_version=&#8221;3.15&#8243; tab_font=&#8221;||||||||&#8221; custom_margin=&#8221;|||&#8221; custom_padding=&#8221;|||&#8221;][et_pb_tab title=&#8221;Per volwassene&#8221; _builder_version=&#8221;3.15&#8243;]<\/p>\n<p><strong><span style=\"color: #7cda24;\">\u20ac1500<\/span> <\/strong>&#8211;<strong>\u00a0<\/strong>In goederen *(kan in Nederland en\/of in Armeni\u00eb worden besteed)<\/p>\n<hr \/>\n<p><strong><span style=\"color: #7cda24;\">\u20ac300 <\/span><\/strong>&#8211; Contant van Solid Road<\/p>\n<hr \/>\n<p><strong><span style=\"color: #7cda24;\">\u20ac200 <\/span><\/strong>&#8211; Contant op Schiphol<\/p>\n<p>[\/et_pb_tab][et_pb_tab title=&#8221;Per kind&#8221; _builder_version=&#8221;3.15&#8243;]<\/p>\n<p><strong><span style=\"color: #7cda24;\">\u20ac2500<\/span> <\/strong>&#8211;<strong>\u00a0<\/strong>In goederen *(kan in Nederland en\/of in Armeni\u00eb worden besteed)<\/p>\n<hr \/>\n<p><strong><span style=\"color: #7cda24;\">\u20ac300 <\/span><\/strong>&#8211; Contant van Solid Road<\/p>\n<hr \/>\n<p><strong><span style=\"color: #7cda24;\">\u20ac40 <\/span><\/strong>&#8211; Contant op Schiphol<\/p>\n<p>[\/et_pb_tab][\/et_pb_tabs][et_pb_text _builder_version=&#8221;3.15&#8243;]<\/p>\n<p>* Van dit bedrag kunnen goederen worden gekocht die bijdragen aan de re-integratie van het gezin in Armeni\u00eb en bijdragen aan het verwerven van inkomsten zodat het gezin duurzaam in haar eigen levensonderhoud kan voorzien.<\/p>\n<p>[\/et_pb_text][\/et_pb_column][\/et_pb_row][et_pb_row use_custom_width=&#8221;on&#8221; custom_width_px=&#8221;1351px&#8221; custom_padding=&#8221;89px|0px|2px|0px|false|false&#8221; _builder_version=&#8221;3.15&#8243;][et_pb_column type=&#8221;4_4&#8243; _builder_version=&#8221;3.0.47&#8243; parallax=&#8221;off&#8221; parallax_method=&#8221;on&#8221;][et_pb_text _builder_version=&#8221;3.15&#8243; text_font=&#8221;||||||||&#8221; header_font=&#8221;||||||||&#8221; header_2_font=&#8221;Reenie Beanie||||||||&#8221; header_2_font_size=&#8221;33px&#8221; header_3_font=&#8221;Raleway|900|||||||&#8221; header_3_text_align=&#8221;center&#8221; header_3_font_size=&#8221;53px&#8221; header_3_font_size_tablet=&#8221;33px&#8221; header_3_font_size_phone=&#8221;29px&#8221; header_3_font_size_last_edited=&#8221;on|phone&#8221;]<\/p>\n<h3>Aanvullend pakket: The Green Way<\/h3>\n<p>[\/et_pb_text][\/et_pb_column][\/et_pb_row][et_pb_row use_custom_width=&#8221;on&#8221; custom_width_px=&#8221;500px&#8221; custom_padding=&#8221;2px|0px|30px|0px|false|false&#8221; _builder_version=&#8221;3.15&#8243;][et_pb_column type=&#8221;4_4&#8243; _builder_version=&#8221;3.0.47&#8243; parallax=&#8221;off&#8221; parallax_method=&#8221;on&#8221;][et_pb_tabs _builder_version=&#8221;3.15&#8243; custom_margin=&#8221;|||&#8221; custom_padding=&#8221;|||&#8221;][et_pb_tab title=&#8221;Per gezin&#8221; _builder_version=&#8221;3.15&#8243;]<\/p>\n<p><strong><span style=\"color: #7cda24;\">12 maanden<\/span><\/strong> huisvesting in Armeni\u00eb inclusief gas, water en elektriciteit<\/p>\n<p><strong><span style=\"color: #7cda24;\">12 maanden<\/span><\/strong> ondersteuning bij re\u00efntegratie in Armeni\u00eb<\/p>\n<p><strong><span style=\"color: #7cda24;\">Indien nodig<\/span><\/strong>\u00a0zorgen wij voor psychische begeleiding<\/p>\n<p>[\/et_pb_tab][et_pb_tab title=&#8221;Per volwassene&#8221; _builder_version=&#8221;3.15&#8243;]<strong><span style=\"color: #7cda24;\">12 maanden<\/span><\/strong> beroepsopleiding in Armeni\u00eb en \/ of ondersteuning bij het opzetten ven een eigen bedrijf.<br \/>\n[\/et_pb_tab][et_pb_tab title=&#8221;Per kind&#8221; _builder_version=&#8221;3.15&#8243;]<strong><span style=\"color: #7cda24;\">6 maanden<\/span><\/strong> Armeense bijles<br \/>\n[\/et_pb_tab][\/et_pb_tabs][\/et_pb_column][\/et_pb_row][\/et_pb_section][et_pb_section fb_built=&#8221;1&#8243; _builder_version=&#8221;3.15&#8243; locked=&#8221;off&#8221;][et_pb_row custom_padding=&#8221;27px|0px|0|0px|false|false&#8221; _builder_version=&#8221;3.0.89&#8243;][et_pb_column type=&#8221;4_4&#8243; _builder_version=&#8221;3.0.47&#8243; parallax=&#8221;off&#8221; parallax_method=&#8221;on&#8221;][et_pb_text _builder_version=&#8221;3.15&#8243; header_3_font=&#8221;Raleway|900|||||||&#8221; header_3_text_align=&#8221;center&#8221; header_3_font_size=&#8221;53px&#8221; header_3_font_size_phone=&#8221;29px&#8221; header_3_font_size_last_edited=&#8221;on|phone&#8221;]<\/p>\n<h3 style=\"text-align: center;\">Een creatief volk<\/h3>\n<p>[\/et_pb_text][\/et_pb_column][\/et_pb_row][et_pb_row use_custom_width=&#8221;on&#8221; custom_width_px=&#8221;594px&#8221; custom_padding=&#8221;12px|0px|27px|0px|false|false&#8221; _builder_version=&#8221;3.15&#8243;][et_pb_column type=&#8221;4_4&#8243; _builder_version=&#8221;3.0.47&#8243; parallax=&#8221;off&#8221; parallax_method=&#8221;on&#8221;][et_pb_text _builder_version=&#8221;3.15&#8243; text_font=&#8221;Raleway|300|||||||&#8221; text_font_size=&#8221;18px&#8221; header_font=&#8221;||||||||&#8221; header_3_font=&#8221;Raleway|900|||||||&#8221; header_3_text_align=&#8221;center&#8221; header_3_font_size=&#8221;51px&#8221;]<\/p>\n<p style=\"text-align: center;\">&#8216;De Armeense geschiedenis heeft veel talent in dit volk gelegd. Het streven om te scheppen is er \u00e9\u00e9n. De Armeni\u00ebrs zijn een creatief volk. Een volk met energie.&#8217;<\/p>\n<p style=\"text-align: center;\">(Silva Kapoetikian, schrijfster).<\/p>\n<p>[\/et_pb_text][\/et_pb_column][\/et_pb_row][et_pb_row make_fullwidth=&#8221;on&#8221; padding_right_2=&#8221;0px&#8221; padding_left_1=&#8221;1px&#8221; padding_left_2=&#8221;0px&#8221; module_class=&#8221;btn-inline&#8221; _builder_version=&#8221;3.15&#8243;][et_pb_column type=&#8221;4_4&#8243; _builder_version=&#8221;3.0.47&#8243; padding_left=&#8221;1px&#8221; parallax=&#8221;off&#8221; parallax_method=&#8221;on&#8221;][et_pb_button button_url=&#8221;http:\/\/www.thegreenwayproject.nl\/index.php\/contact\/&#8221; button_text=&#8221;Contact&#8221; _builder_version=&#8221;3.16&#8243; custom_button=&#8221;on&#8221; button_text_size=&#8221;15px&#8221; button_text_color=&#8221;#ffffff&#8221; button_bg_color=&#8221;#000000&#8243; button_border_radius=&#8221;0px&#8221; button_font=&#8221;Raleway|800|||||||&#8221; button_use_icon=&#8221;off&#8221; button_text_size__hover_enabled=&#8221;off&#8221; button_one_text_size__hover_enabled=&#8221;off&#8221; button_two_text_size__hover_enabled=&#8221;off&#8221; button_text_color__hover_enabled=&#8221;off&#8221; button_one_text_color__hover_enabled=&#8221;off&#8221; button_two_text_color__hover_enabled=&#8221;off&#8221; button_border_width__hover_enabled=&#8221;off&#8221; button_one_border_width__hover_enabled=&#8221;off&#8221; button_two_border_width__hover_enabled=&#8221;off&#8221; button_border_color__hover_enabled=&#8221;off&#8221; button_one_border_color__hover_enabled=&#8221;off&#8221; button_two_border_color__hover_enabled=&#8221;off&#8221; button_border_radius__hover_enabled=&#8221;off&#8221; button_one_border_radius__hover_enabled=&#8221;off&#8221; button_two_border_radius__hover_enabled=&#8221;off&#8221; button_letter_spacing__hover_enabled=&#8221;off&#8221; button_one_letter_spacing__hover_enabled=&#8221;off&#8221; button_two_letter_spacing__hover_enabled=&#8221;off&#8221; button_bg_color__hover_enabled=&#8221;off&#8221; button_one_bg_color__hover_enabled=&#8221;off&#8221; button_two_bg_color__hover_enabled=&#8221;off&#8221;]<\/p>\n<p>[\/et_pb_button][\/et_pb_column][\/et_pb_row][\/et_pb_section]<\/p>\n","protected":false},"excerpt":{"rendered":"<p>The Green Way biedt extra ondersteuning aan Armeense gezinnen uit Nederland die vrijwillig terug willen keren naar Armeni\u00ebThe Green Way biedt nieuwe kansen voor terugkeer met hoopEen jaar lang een betaalde beroepsopleiding, hulp bij zoeken naar werk of het opzetten van een eigen bedrijf.Yerevan, een moderne stadVerblijft u op een gezinslocatie of AZC in Nederland [&hellip;]<\/p>\n","protected":false},"author":2,"featured_media":0,"parent":0,"menu_order":0,"comment_status":"closed","ping_status":"closed","template":"","meta":{"_et_pb_use_builder":"on","_et_pb_old_content":"","_et_gb_content_width":""},"_links":{"self":[{"href":"https:\/\/www.thegreenwayproject.nl\/index.php\/wp-json\/wp\/v2\/pages\/435"}],"collection":[{"href":"https:\/\/www.thegreenwayproject.nl\/index.php\/wp-json\/wp\/v2\/pages"}],"about":[{"href":"https:\/\/www.thegreenwayproject.nl\/index.php\/wp-json\/wp\/v2\/types\/page"}],"author":[{"embeddable":true,"href":"https:\/\/www.thegreenwayproject.nl\/index.php\/wp-json\/wp\/v2\/users\/2"}],"replies":[{"embeddable":true,"href":"https:\/\/www.thegreenwayproject.nl\/index.php\/wp-json\/wp\/v2\/comments?post=435"}],"version-history":[{"count":31,"href":"https:\/\/www.thegreenwayproject.nl\/index.php\/wp-json\/wp\/v2\/pages\/435\/revisions"}],"predecessor-version":[{"id":906,"href":"https:\/\/www.thegreenwayproject.nl\/index.php\/wp-json\/wp\/v2\/pages\/435\/revisions\/906"}],"wp:attachment":[{"href":"https:\/\/www.thegreenwayproject.nl\/index.php\/wp-json\/wp\/v2\/media?parent=435"}],"curies":[{"name":"wp","href":"https:\/\/api.w.org\/{rel}","templated":true}]}}